77.88.5.132 - - [30/Jan/2023:16:33:07 -0800] "GET /alpha_new.html HTTP/1.1" 404 88 "-" "Mozilla/5.0 (compatible; YandexBot/3.0; +http://yandex.com/bots)" "alphapd6.com"
114.119.135.30 - - [30/Jan/2023:16:36:53 -0800] "GET / HTTP/1.1" 200 321 "http://www.oxvideos.xyz/beeg-x-3g" "Mozilla/5.0 (Linux; Android 7.0;) AppleWebKit/537.36 (KHTML, like Gecko) Mobile Safari/537.36 (compatible; PetalBot;+https://webmaster.petalsearch.com/site/petalbot)" "alphapd6.com"
114.119.145.174 - - [30/Jan/2023:16:38:15 -0800] "GET /plastic/wp-admin/ HTTP/1.1" 302 - "https://alphapd6.com/plastic/index.php/2021/07/08/sample-page/" "Mozilla/5.0 (Linux; Android 7.0;) AppleWebKit/537.36 (KHTML, like Gecko) Mobile Safari/537.36 (compatible; PetalBot;+https://webmaster.petalsearch.com/site/petalbot)" "alphapd6.com"
10.247.24.50 - - [30/Jan/2023:16:38:17 -0800] "POST /plastic/wp-cron.php?doing_wp_cron=1675125497.3099200725555419921875 HTTP/1.1" 200 - "https://alphapd6.com/plastic/wp-cron.php?doing_wp_cron=1675125497.3099200725555419921875" "WordPress/5.0.18; http://alphapd6.com/plastic" "alphapd6.com"
114.119.145.174 - - [30/Jan/2023:16:38:19 -0800] "GET /plastic/wp-login.php?redirect_to=https://alphapd6.com/plastic/wp-admin/&reauth=1 HTTP/1.1" 200 3952 "https://alphapd6.com/plastic/index.php/2021/07/08/sample-page/" "Mozilla/5.0 (Linux; Android 7.0;) AppleWebKit/537.36 (KHTML, like Gecko) Mobile Safari/537.36 (compatible; PetalBot;+https://webmaster.petalsearch.com/site/petalbot)" "alphapd6.com"
216.244.66.247 - - [30/Jan/2023:17:18:16 -0800] "GET /robots.txt HTTP/1.1" 404 73 "-" "Mozilla/5.0 (compatible; DotBot/1.2; +https://opensiteexplorer.org/dotbot; help@moz.com)" "www.alphapd6.com"
216.244.66.247 - - [30/Jan/2023:18:52:17 -0800] "GET /robots.txt HTTP/1.1" 404 73 "-" "Mozilla/5.0 (compatible; DotBot/1.2; +https://opensiteexplorer.org/dotbot; help@moz.com)" "www.alphapd6.com"
123.183.224.14 - - [30/Jan/2023:19:18:15 -0800] "GET / HTTP/1.1" 200 321 "-" "Sogou web spider/4.0(+http://www.sogou.com/docs/help/webmasters.htm#07)" "www.alphapd6.com"
49.7.21.76 - - [30/Jan/2023:19:32:47 -0800] "GET / HTTP/1.1" 200 321 "-" "Sogou web spider/4.0(+http://www.sogou.com/docs/help/webmasters.htm#07)" "www.alphapd6.com"
216.244.66.247 - - [30/Jan/2023:19:39:37 -0800] "GET /robots.txt HTTP/1.1" 404 73 "-" "Mozilla/5.0 (compatible; DotBot/1.2; +https://opensiteexplorer.org/dotbot; help@moz.com)" "www.alphapd6.com"
77.88.5.217 - - [30/Jan/2023:19:40:08 -0800] "GET /robots.txt HTTP/1.1" 404 73 "-" "Mozilla/5.0 (compatible; YandexBot/3.0; +http://yandex.com/bots)" "www.alphapd6.com"
93.158.161.52 - - [30/Jan/2023:19:40:09 -0800] "GET /robots.txt HTTP/1.1" 404 73 "-" "Mozilla/5.0 (compatible; YandexBot/3.0; +http://yandex.com/bots)" "alphapd6.com"
93.158.161.33 - - [30/Jan/2023:19:40:12 -0800] "GET / HTTP/1.1" 200 321 "-" "Mozilla/5.0 (compatible; YandexBot/3.0; +http://yandex.com/bots)" "www.alphapd6.com"
77.88.5.38 - - [30/Jan/2023:19:40:13 -0800] "GET / HTTP/1.1" 200 321 "-" "Mozilla/5.0 (compatible; YandexBot/3.0; +http://yandex.com/bots)" "alphapd6.com"
185.119.81.108 - - [30/Jan/2023:19:40:23 -0800] "GET /plastic/wp-login.php HTTP/1.1" 200 3954 "http://alphapd6.com/plastic/wp-login.php" "Mozilla/5.0 (Windows NT 10.0; Win64; x64) AppleWebKit/537.36 (KHTML, like Gecko) Chrome/90.0.4430.72 Safari/537.36" "alphapd6.com"
10.247.24.50 - - [30/Jan/2023:19:40:25 -0800] "POST /plastic/wp-cron.php?doing_wp_cron=1675136425.5087959766387939453125 HTTP/1.1" 200 - "https://alphapd6.com/plastic/wp-cron.php?doing_wp_cron=1675136425.5087959766387939453125" "WordPress/5.0.18; http://alphapd6.com/plastic" "alphapd6.com"
185.119.81.108 - - [30/Jan/2023:19:40:27 -0800] "POST /plastic/wp-login.php HTTP/1.1" 200 4930 "https://alphapd6.com/plastic/wp-login.php" "Mozilla/5.0 (Windows NT 10.0; Win64; x64) AppleWebKit/537.36 (KHTML, like Gecko) Chrome/90.0.4430.72 Safari/537.36" "alphapd6.com"
185.119.81.97 - - [30/Jan/2023:19:53:55 -0800] "GET /plastic/wp-login.php HTTP/1.1" 200 3957 "http://alphapd6.com/plastic/wp-login.php" "Mozilla/5.0 (Windows NT 6.1; Win64; x64) AppleWebKit/537.36 (KHTML, like Gecko) Chrome/57.0.2987.133 Safari/537.36" "alphapd6.com"
77.88.5.217 - - [30/Jan/2023:20:07:53 -0800] "GET /quotepricing.htm HTTP/1.1" 404 88 "-" "Mozilla/5.0 (compatible; YandexBot/3.0; +http://yandex.com/bots)" "alphapd6.com"
54.36.149.62 - - [30/Jan/2023:20:16:46 -0800] "GET /robots.txt HTTP/1.1" 404 88 "-" "Mozilla/5.0 (compatible; AhrefsBot/7.0; +http://ahrefs.com/robot/)" "www.alphapd6.com"
51.222.253.1 - - [30/Jan/2023:20:16:48 -0800] "GET / HTTP/1.1" 200 321 "-" "Mozilla/5.0 (compatible; AhrefsBot/7.0; +http://ahrefs.com/robot/)" "www.alphapd6.com"
216.244.66.247 - - [30/Jan/2023:20:28:15 -0800] "GET /robots.txt HTTP/1.1" 404 73 "-" "Mozilla/5.0 (compatible; DotBot/1.2; +https://opensiteexplorer.org/dotbot; help@moz.com)" "www.alphapd6.com"
216.244.66.247 - - [30/Jan/2023:21:14:04 -0800] "GET /robots.txt HTTP/1.1" 404 73 "-" "Mozilla/5.0 (compatible; DotBot/1.2; +https://opensiteexplorer.org/dotbot; help@moz.com)" "www.alphapd6.com"
65.108.142.143 - - [30/Jan/2023:21:18:04 -0800] "GET /robots.txt HTTP/1.1" 404 73 "-" "Mozilla/5.0 (compatible; MJ12bot/v1.4.8; http://mj12bot.com/)" "alphapd6.com"
52.35.155.254 - - [30/Jan/2023:21:18:25 -0800] "GET / HTTP/1.1" 200 321 "-" "Mozilla/5.0 (X11; Linux x86_64) AppleWebKit/537.36 (KHTML, like Gecko) Chrome/83.0.4103.97 Safari/537.36" "alphapd6.com"
65.108.142.143 - - [30/Jan/2023:21:18:28 -0800] "GET /cgi/images/%E4%85%88%E2%81%99%E5%89%90%E4%89%8F%E2%81%85%E4%B9%89%E5%91%93%E5%95%92%E5%91%83%E4%BD%89%E5%8D%8E%E7%80%AE%E6%99%A4 HTTP/1.1" 404 73 "-" "Mozilla/5.0 (compatible; MJ12bot/v1.4.8; http://mj12bot.com/)" "alphapd6.com"
65.108.142.143 - - [30/Jan/2023:21:18:36 -0800] "GET /cgi/images/%E6%B4%A3%E3%80%B2%E3%80%B0 HTTP/1.1" 404 88 "-" "Mozilla/5.0 (compatible; MJ12bot/v1.4.8; http://mj12bot.com/)" "alphapd6.com"
65.108.142.143 - - [30/Jan/2023:21:18:39 -0800] "GET /cgi/images/%E6%B4%A3%E3%80%B2%E3%88%B0 HTTP/1.1" 404 88 "-" "Mozilla/5.0 (compatible; MJ12bot/v1.4.8; http://mj12bot.com/)" "alphapd6.com"
65.108.142.143 - - [30/Jan/2023:21:18:41 -0800] "GET /cgi/images/%E6%B4%A3%E3%80%B2%E3%90%B0 HTTP/1.1" 404 88 "-" "Mozilla/5.0 (compatible; MJ12bot/v1.4.8; http://mj12bot.com/)" "alphapd6.com"
65.108.142.143 - - [30/Jan/2023:21:18:43 -0800] "GET /cgi/images/%E6%BC%A3%E6%91%B2%E7%89%A5%E6%A1%B4%E7%8D%A9 HTTP/1.1" 404 88 "-" "Mozilla/5.0 (compatible; MJ12bot/v1.4.8; http://mj12bot.com/)" "alphapd6.com"
65.108.142.143 - - [30/Jan/2023:21:18:45 -0800] "GET /cgi/images/%E7%80%A3%E6%A5%B2%E6%A5%A3%E6%9D%AE HTTP/1.1" 404 88 "-" "Mozilla/5.0 (compatible; MJ12bot/v1.4.8; http://mj12bot.com/)" "alphapd6.com"
65.108.142.143 - - [30/Jan/2023:21:18:47 -0800] "GET /cgi/images/%E7%8C%A3%E6%9D%B5%E6%95%A7%E7%91%B3%E6%BD%A9%E7%8D%AE HTTP/1.1" 404 88 "-" "Mozilla/5.0 (compatible; MJ12bot/v1.4.8; http://mj12bot.com/)" "alphapd6.com"
65.108.142.143 - - [30/Jan/2023:21:18:49 -0800] "GET /cgi/images/%E7%94%A3%E7%A5%A4%E3%80%B2%E3%80%B0 HTTP/1.1" 404 88 "-" "Mozilla/5.0 (compatible; MJ12bot/v1.4.8; http://mj12bot.com/)" "alphapd6.com"
54.186.246.198 - - [30/Jan/2023:21:18:49 -0800] "GET / HTTP/1.1" 200 321 "-" "Mozilla/5.0 (X11; Linux x86_64) AppleWebKit/537.36 (KHTML, like Gecko) Chrome/83.0.4103.97 Safari/537.36" "alphapd6.com"
65.108.142.143 - - [30/Jan/2023:21:18:50 -0800] "GET /cgi/images/%E7%94%A3%E7%A5%A4%E3%80%B2%E3%80%B0%E6%89%B0 HTTP/1.1" 404 88 "-" "Mozilla/5.0 (compatible; MJ12bot/v1.4.8; http://mj12bot.com/)" "alphapd6.com"
65.108.142.143 - - [30/Jan/2023:21:18:52 -0800] "GET /cgi/images/%E7%94%A3%E7%A5%A4%E3%80%B2%E3%84%B0 HTTP/1.1" 404 88 "-" "Mozilla/5.0 (compatible; MJ12bot/v1.4.8; http://mj12bot.com/)" "alphapd6.com"
65.108.142.143 - - [30/Jan/2023:21:18:56 -0800] "GET /cgi/images/%E7%94%A3%E7%A5%A4%E3%80%B2%E3%88%B0 HTTP/1.1" 404 88 "-" "Mozilla/5.0 (compatible; MJ12bot/v1.4.8; http://mj12bot.com/)" "alphapd6.com"
65.108.142.143 - - [30/Jan/2023:21:18:58 -0800] "GET /cgi/images/%E7%94%A3%E7%A5%A4%E3%80%B2%E3%90%B0 HTTP/1.1" 404 88 "-" "Mozilla/5.0 (compatible; MJ12bot/v1.4.8; http://mj12bot.com/)" "alphapd6.com"
65.108.142.143 - - [30/Jan/2023:21:19:02 -0800] "GET /images/%E4%85%88%E2%81%99%E5%89%90%E4%89%8F%E2%81%85%E4%B9%89%E5%91%93%E5%95%92%E5%91%83%E4%BD%89%E5%8D%8E%E7%80%AE%E6%99%A4 HTTP/1.1" 404 88 "-" "Mozilla/5.0 (compatible; MJ12bot/v1.4.8; http://mj12bot.com/)" "alphapd6.com"
65.108.142.143 - - [30/Jan/2023:21:19:06 -0800] "GET /images/%E6%B4%A3%E3%80%B2%E3%80%B0 HTTP/1.1" 404 88 "-" "Mozilla/5.0 (compatible; MJ12bot/v1.4.8; http://mj12bot.com/)" "alphapd6.com"
65.108.142.143 - - [30/Jan/2023:21:19:08 -0800] "GET /images/%E6%B4%A3%E3%80%B2%E3%88%B0 HTTP/1.1" 404 88 "-" "Mozilla/5.0 (compatible; MJ12bot/v1.4.8; http://mj12bot.com/)" "alphapd6.com"
65.108.142.143 - - [30/Jan/2023:21:19:09 -0800] "GET /images/%E6%B4%A3%E3%80%B2%E3%90%B0 HTTP/1.1" 404 88 "-" "Mozilla/5.0 (compatible; MJ12bot/v1.4.8; http://mj12bot.com/)" "alphapd6.com"
65.108.142.143 - - [30/Jan/2023:21:19:13 -0800] "GET /images/%E6%BC%A3%E6%91%B2%E7%89%A5%E6%A1%B4%E7%8D%A9 HTTP/1.1" 404 88 "-" "Mozilla/5.0 (compatible; MJ12bot/v1.4.8; http://mj12bot.com/)" "alphapd6.com"
65.108.142.143 - - [30/Jan/2023:21:19:20 -0800] "GET /images/%E7%80%A3%E6%A5%B2%E6%A5%A3%E6%9D%AE HTTP/1.1" 404 88 "-" "Mozilla/5.0 (compatible; MJ12bot/v1.4.8; http://mj12bot.com/)" "alphapd6.com"
65.108.142.143 - - [30/Jan/2023:21:19:47 -0800] "GET /images/%E7%8C%A3%E6%9D%B5%E6%95%A7%E7%91%B3%E6%BD%A9%E7%8D%AE HTTP/1.1" 404 88 "-" "Mozilla/5.0 (compatible; MJ12bot/v1.4.8; http://mj12bot.com/)" "alphapd6.com"
65.108.142.143 - - [30/Jan/2023:21:19:50 -0800] "GET /images/%E7%94%A3%E7%A5%A4%E3%80%B2%E3%80%B0 HTTP/1.1" 404 88 "-" "Mozilla/5.0 (compatible; MJ12bot/v1.4.8; http://mj12bot.com/)" "alphapd6.com"
65.108.142.143 - - [30/Jan/2023:21:19:52 -0800] "GET /images/%E7%94%A3%E7%A5%A4%E3%80%B2%E3%80%B0%E6%89%B0 HTTP/1.1" 404 88 "-" "Mozilla/5.0 (compatible; MJ12bot/v1.4.8; http://mj12bot.com/)" "alphapd6.com"
35.93.23.226 - - [30/Jan/2023:21:19:54 -0800] "GET / HTTP/1.1" 200 321 "-" "Mozilla/5.0 (X11; Linux x86_64) AppleWebKit/537.36 (KHTML, like Gecko) Chrome/83.0.4103.97 Safari/537.36" "alphapd6.com"
65.108.142.143 - - [30/Jan/2023:21:19:54 -0800] "GET /images/%E7%94%A3%E7%A5%A4%E3%80%B2%E3%84%B0 HTTP/1.1" 404 88 "-" "Mozilla/5.0 (compatible; MJ12bot/v1.4.8; http://mj12bot.com/)" "alphapd6.com"
65.108.142.143 - - [30/Jan/2023:21:19:56 -0800] "GET /images/%E7%94%A3%E7%A5%A4%E3%80%B2%E3%88%B0 HTTP/1.1" 404 88 "-" "Mozilla/5.0 (compatible; MJ12bot/v1.4.8; http://mj12bot.com/)" "alphapd6.com"
65.108.142.143 - - [30/Jan/2023:21:21:21 -0800] "GET /robots.txt HTTP/1.1" 404 73 "-" "Mozilla/5.0 (compatible; MJ12bot/v1.4.8; http://mj12bot.com/)" "www.alphapd6.com"
65.108.142.143 - - [30/Jan/2023:21:21:24 -0800] "GET /cgi/images/%E4%85%88%E2%81%99%E5%89%90%E4%89%8F%E2%81%85%E4%B9%89%E5%91%93%E5%95%92%E5%91%83%E4%BD%89%E5%8D%8E%E7%80%AE%E6%99%A4 HTTP/1.1" 404 88 "-" "Mozilla/5.0 (compatible; MJ12bot/v1.4.8; http://mj12bot.com/)" "www.alphapd6.com"
65.108.142.143 - - [30/Jan/2023:21:21:28 -0800] "GET /cgi/images/%E6%B4%A3%E3%80%B2%E3%80%B0 HTTP/1.1" 404 88 "-" "Mozilla/5.0 (compatible; MJ12bot/v1.4.8; http://mj12bot.com/)" "www.alphapd6.com"
65.108.142.143 - - [30/Jan/2023:21:21:30 -0800] "GET /cgi/images/%E6%B4%A3%E3%80%B2%E3%88%B0 HTTP/1.1" 404 88 "-" "Mozilla/5.0 (compatible; MJ12bot/v1.4.8; http://mj12bot.com/)" "www.alphapd6.com"
65.108.142.143 - - [30/Jan/2023:21:21:32 -0800] "GET /cgi/images/%E6%B4%A3%E3%80%B2%E3%90%B0 HTTP/1.1" 404 88 "-" "Mozilla/5.0 (compatible; MJ12bot/v1.4.8; http://mj12bot.com/)" "www.alphapd6.com"
65.108.142.143 - - [30/Jan/2023:21:21:37 -0800] "GET /cgi/images/%E6%BC%A3%E6%91%B2%E7%89%A5%E6%A1%B4%E7%8D%A9 HTTP/1.1" 404 88 "-" "Mozilla/5.0 (compatible; MJ12bot/v1.4.8; http://mj12bot.com/)" "www.alphapd6.com"
65.108.142.143 - - [30/Jan/2023:21:21:44 -0800] "GET /cgi/images/%E7%80%A3%E6%A5%B2%E6%A5%A3%E6%9D%AE HTTP/1.1" 404 88 "-" "Mozilla/5.0 (compatible; MJ12bot/v1.4.8; http://mj12bot.com/)" "www.alphapd6.com"
65.108.142.143 - - [30/Jan/2023:21:22:28 -0800] "GET /cgi/images/%E7%8C%A3%E6%9D%B5%E6%95%A7%E7%91%B3%E6%BD%A9%E7%8D%AE HTTP/1.1" 404 88 "-" "Mozilla/5.0 (compatible; MJ12bot/v1.4.8; http://mj12bot.com/)" "www.alphapd6.com"
65.108.142.143 - - [30/Jan/2023:21:22:30 -0800] "GET /cgi/images/%E7%94%A3%E7%A5%A4%E3%80%B2%E3%80%B0 HTTP/1.1" 404 88 "-" "Mozilla/5.0 (compatible; MJ12bot/v1.4.8; http://mj12bot.com/)" "www.alphapd6.com"
65.108.142.143 - - [30/Jan/2023:21:22:32 -0800] "GET /cgi/images/%E7%94%A3%E7%A5%A4%E3%80%B2%E3%80%B0%E6%89%B0 HTTP/1.1" 404 88 "-" "Mozilla/5.0 (compatible; MJ12bot/v1.4.8; http://mj12bot.com/)" "www.alphapd6.com"
65.108.142.143 - - [30/Jan/2023:21:22:40 -0800] "GET /cgi/images/%E7%94%A3%E7%A5%A4%E3%80%B2%E3%84%B0 HTTP/1.1" 404 88 "-" "Mozilla/5.0 (compatible; MJ12bot/v1.4.8; http://mj12bot.com/)" "www.alphapd6.com"
65.108.142.143 - - [30/Jan/2023:21:22:42 -0800] "GET /cgi/images/%E7%94%A3%E7%A5%A4%E3%80%B2%E3%88%B0 HTTP/1.1" 404 88 "-" "Mozilla/5.0 (compatible; MJ12bot/v1.4.8; http://mj12bot.com/)" "www.alphapd6.com"
65.108.142.143 - - [30/Jan/2023:21:23:16 -0800] "GET /cgi/images/%E7%94%A3%E7%A5%A4%E3%80%B2%E3%90%B0 HTTP/1.1" 404 88 "-" "Mozilla/5.0 (compatible; MJ12bot/v1.4.8; http://mj12bot.com/)" "www.alphapd6.com"
65.108.142.143 - - [30/Jan/2023:21:23:20 -0800] "GET /images/%E4%85%88%E2%81%99%E5%89%90%E4%89%8F%E2%81%85%E4%B9%89%E5%91%93%E5%95%92%E5%91%83%E4%BD%89%E5%8D%8E%E7%80%AE%E6%99%A4 HTTP/1.1" 404 88 "-" "Mozilla/5.0 (compatible; MJ12bot/v1.4.8; http://mj12bot.com/)" "www.alphapd6.com"
65.108.142.143 - - [30/Jan/2023:21:23:22 -0800] "GET /images/%E6%B4%A3%E3%80%B2%E3%80%B0 HTTP/1.1" 404 88 "-" "Mozilla/5.0 (compatible; MJ12bot/v1.4.8; http://mj12bot.com/)" "www.alphapd6.com"
65.108.142.143 - - [30/Jan/2023:21:23:24 -0800] "GET /images/%E6%B4%A3%E3%80%B2%E3%88%B0 HTTP/1.1" 404 88 "-" "Mozilla/5.0 (compatible; MJ12bot/v1.4.8; http://mj12bot.com/)" "www.alphapd6.com"
65.108.142.143 - - [30/Jan/2023:21:23:26 -0800] "GET /images/%E6%B4%A3%E3%80%B2%E3%90%B0 HTTP/1.1" 404 88 "-" "Mozilla/5.0 (compatible; MJ12bot/v1.4.8; http://mj12bot.com/)" "www.alphapd6.com"
65.108.142.143 - - [30/Jan/2023:21:23:28 -0800] "GET /images/%E6%BC%A3%E6%91%B2%E7%89%A5%E6%A1%B4%E7%8D%A9 HTTP/1.1" 404 88 "-" "Mozilla/5.0 (compatible; MJ12bot/v1.4.8; http://mj12bot.com/)" "www.alphapd6.com"
65.108.142.143 - - [30/Jan/2023:21:23:30 -0800] "GET /images/%E7%80%A3%E6%A5%B2%E6%A5%A3%E6%9D%AE HTTP/1.1" 404 88 "-" "Mozilla/5.0 (compatible; MJ12bot/v1.4.8; http://mj12bot.com/)" "www.alphapd6.com"
65.108.142.143 - - [30/Jan/2023:21:23:32 -0800] "GET /images/%E7%8C%A3%E6%9D%B5%E6%95%A7%E7%91%B3%E6%BD%A9%E7%8D%AE HTTP/1.1" 404 88 "-" "Mozilla/5.0 (compatible; MJ12bot/v1.4.8; http://mj12bot.com/)" "www.alphapd6.com"
65.108.142.143 - - [30/Jan/2023:21:23:34 -0800] "GET /images/%E7%94%A3%E7%A5%A4%E3%80%B2%E3%80%B0 HTTP/1.1" 404 88 "-" "Mozilla/5.0 (compatible; MJ12bot/v1.4.8; http://mj12bot.com/)" "www.alphapd6.com"
65.108.142.143 - - [30/Jan/2023:21:23:36 -0800] "GET /images/%E7%94%A3%E7%A5%A4%E3%80%B2%E3%80%B0%E6%89%B0 HTTP/1.1" 404 88 "-" "Mozilla/5.0 (compatible; MJ12bot/v1.4.8; http://mj12bot.com/)" "www.alphapd6.com"
65.108.142.143 - - [30/Jan/2023:21:23:40 -0800] "GET /images/%E7%94%A3%E7%A5%A4%E3%80%B2%E3%84%B0 HTTP/1.1" 404 88 "-" "Mozilla/5.0 (compatible; MJ12bot/v1.4.8; http://mj12bot.com/)" "www.alphapd6.com"
65.108.142.143 - - [30/Jan/2023:21:23:48 -0800] "GET /images/%E7%94%A3%E7%A5%A4%E3%80%B2%E3%88%B0 HTTP/1.1" 404 88 "-" "Mozilla/5.0 (compatible; MJ12bot/v1.4.8; http://mj12bot.com/)" "www.alphapd6.com"
65.108.142.143 - - [30/Jan/2023:21:23:50 -0800] "GET /images/%E7%94%A3%E7%A5%A4%E3%80%B2%E3%90%B0 HTTP/1.1" 404 88 "-" "Mozilla/5.0 (compatible; MJ12bot/v1.4.8; http://mj12bot.com/)" "www.alphapd6.com"
52.13.40.72 - - [30/Jan/2023:21:26:35 -0800] "GET / HTTP/1.1" 200 321 "-" "Mozilla/5.0 (X11; Linux x86_64) AppleWebKit/537.36 (KHTML, like Gecko) Chrome/83.0.4103.97 Safari/537.36" "alphapd6.com"
34.215.116.238 - - [30/Jan/2023:21:26:48 -0800] "GET / HTTP/1.1" 200 321 "-" "Mozilla/5.0 (X11; Linux x86_64) AppleWebKit/537.36 (KHTML, like Gecko) Chrome/83.0.4103.97 Safari/537.36" "alphapd6.com"
95.163.255.141 - - [30/Jan/2023:21:36:41 -0800] "GET /robots.txt HTTP/1.1" 404 73 "-" "Mozilla/5.0 (compatible; Linux x86_64; Mail.RU_Bot/Robots/2.0; +https://help.mail.ru/webmaster/indexing/robots)" "alphapd6.com"
95.163.255.141 - - [30/Jan/2023:21:36:53 -0800] "GET / HTTP/1.1" 200 321 "-" "Mozilla/5.0 (compatible; Linux x86_64; Mail.RU_Bot/Robots/2.0; +https://help.mail.ru/webmaster/indexing/robots)" "alphapd6.com"
61.135.159.140 - - [30/Jan/2023:21:49:16 -0800] "GET / HTTP/1.1" 200 321 "-" "Sogou web spider/4.0(+http://www.sogou.com/docs/help/webmasters.htm#07)" "alphapd6.com"
118.184.177.16 - - [30/Jan/2023:22:49:39 -0800] "GET / HTTP/1.1" 200 321 "-" "Sogou web spider/4.0(+http://www.sogou.com/docs/help/webmasters.htm#07)" "www.alphapd6.com"
194.38.20.161 - - [30/Jan/2023:23:26:34 -0800] "GET /index.php?option=com_adsmanager&task=upload&tmpl=component HTTP/1.1" 404 73 "-" "ALittle Client" "alphapd6.com"
216.244.66.247 - - [30/Jan/2023:23:32:28 -0800] "GET /robots.txt HTTP/1.1" 404 73 "-" "Mozilla/5.0 (compatible; DotBot/1.2; +https://opensiteexplorer.org/dotbot; help@moz.com)" "www.alphapd6.com"
216.244.66.247 - - [31/Jan/2023:00:18:42 -0800] "GET /robots.txt HTTP/1.1" 404 73 "-" "Mozilla/5.0 (compatible; DotBot/1.2; +https://opensiteexplorer.org/dotbot; help@moz.com)" "www.alphapd6.com"
216.244.66.247 - - [31/Jan/2023:01:05:14 -0800] "GET /robots.txt HTTP/1.1" 404 73 "-" "Mozilla/5.0 (compatible; DotBot/1.2; +https://opensiteexplorer.org/dotbot; help@moz.com)" "www.alphapd6.com"
123.183.224.14 - - [31/Jan/2023:01:20:55 -0800] "GET / HTTP/1.1" 200 321 "-" "Sogou web spider/4.0(+http://www.sogou.com/docs/help/webmasters.htm#07)" "alphapd6.com"
51.222.253.14 - - [31/Jan/2023:01:30:08 -0800] "GET /robots.txt HTTP/1.1" 404 88 "-" "Mozilla/5.0 (compatible; AhrefsBot/7.0; +http://ahrefs.com/robot/)" "alphapd6.com"
51.222.253.5 - - [31/Jan/2023:01:30:09 -0800] "GET / HTTP/1.1" 200 321 "-" "Mozilla/5.0 (compatible; AhrefsBot/7.0; +http://ahrefs.com/robot/)" "alphapd6.com"
61.135.159.140 - - [31/Jan/2023:01:33:05 -0800] "GET / HTTP/1.1" 200 321 "-" "Sogou web spider/4.0(+http://www.sogou.com/docs/help/webmasters.htm#07)" "www.alphapd6.com"
195.191.219.132 - - [31/Jan/2023:02:49:18 -0800] "GET /robots.txt HTTP/1.1" 404 73 "-" "Mozilla/5.0 (compatible; MJ12bot/v1.4.8; http://mj12bot.com/)" "alphapd6.com"
195.191.219.132 - - [31/Jan/2023:02:49:22 -0800] "GET / HTTP/1.1" 200 321 "-" "Mozilla/5.0 (compatible; MJ12bot/v1.4.8; http://mj12bot.com/)" "alphapd6.com"
195.191.219.132 - - [31/Jan/2023:02:49:25 -0800] "GET /robots.txt HTTP/1.1" 404 73 "-" "Mozilla/5.0 (compatible; MJ12bot/v1.4.8; http://mj12bot.com/)" "www.alphapd6.com"
195.191.219.132 - - [31/Jan/2023:02:49:30 -0800] "GET / HTTP/1.1" 200 321 "-" "Mozilla/5.0 (compatible; MJ12bot/v1.4.8; http://mj12bot.com/)" "www.alphapd6.com"
164.90.185.48 - - [31/Jan/2023:02:54:30 -0800] "GET / HTTP/1.1" 200 547 "-" "Mozilla/5.0 (Windows NT 10.0; Win64; x64) AppleWebKit/537.36 (KHTML, like Gecko) Chrome/60.0.3112.113 Safari/537.36" "alphapd6.com"
164.90.185.48 - - [31/Jan/2023:02:54:33 -0800] "GET /?C=N;O=D HTTP/1.1" 200 547 "-" "Mozilla/5.0 (Windows NT 10.0; Win64; x64) AppleWebKit/537.36 (KHTML, like Gecko) Chrome/60.0.3112.113 Safari/537.36" "alphapd6.com"
164.90.185.48 - - [31/Jan/2023:02:54:33 -0800] "GET /?C=M;O=A HTTP/1.1" 200 547 "-" "Mozilla/5.0 (Windows NT 10.0; Win64; x64) AppleWebKit/537.36 (KHTML, like Gecko) Chrome/60.0.3112.113 Safari/537.36" "alphapd6.com"
164.90.185.48 - - [31/Jan/2023:02:54:34 -0800] "GET /?C=S;O=A HTTP/1.1" 200 547 "-" "Mozilla/5.0 (Windows NT 10.0; Win64; x64) AppleWebKit/537.36 (KHTML, like Gecko) Chrome/60.0.3112.113 Safari/537.36" "alphapd6.com"
164.90.185.48 - - [31/Jan/2023:02:54:34 -0800] "GET /?C=D;O=A HTTP/1.1" 200 547 "-" "Mozilla/5.0 (Windows NT 10.0; Win64; x64) AppleWebKit/537.36 (KHTML, like Gecko) Chrome/60.0.3112.113 Safari/537.36" "alphapd6.com"
164.90.185.48 - - [31/Jan/2023:02:54:34 -0800] "GET /plastic/ HTTP/1.1" 200 14932 "-" "Mozilla/5.0 (Windows NT 10.0; Win64; x64) AppleWebKit/537.36 (KHTML, like Gecko) Chrome/60.0.3112.113 Safari/537.36" "alphapd6.com"
10.247.24.49 - - [31/Jan/2023:02:54:37 -0800] "POST /plastic/wp-cron.php?doing_wp_cron=1675162477.7674429416656494140625 HTTP/1.1" 200 - "https://alphapd6.com/plastic/wp-cron.php?doing_wp_cron=1675162477.7674429416656494140625" "WordPress/5.0.18; https://alphapd6.com/plastic" "alphapd6.com"
216.244.66.247 - - [31/Jan/2023:02:55:41 -0800] "GET /robots.txt HTTP/1.1" 404 73 "-" "Mozilla/5.0 (compatible; DotBot/1.2; +https://opensiteexplorer.org/dotbot; help@moz.com)" "www.alphapd6.com"
185.119.81.97 - - [31/Jan/2023:02:58:01 -0800] "GET /plastic/wp-login.php HTTP/1.1" 200 3954 "http://alphapd6.com/plastic/wp-login.php" "Mozilla/5.0 (Windows NT 6.1; Win64; x64) AppleWebKit/537.36 (KHTML, like Gecko) Chrome/75.0.3770.142 Safari/537.36" "alphapd6.com"
185.119.81.97 - - [31/Jan/2023:02:58:03 -0800] "POST /plastic/wp-login.php HTTP/1.1" 200 4923 "https://alphapd6.com/plastic/wp-login.php" "Mozilla/5.0 (Windows NT 6.1; Win64; x64) AppleWebKit/537.36 (KHTML, like Gecko) Chrome/75.0.3770.142 Safari/537.36" "alphapd6.com"
58.250.125.90 - - [31/Jan/2023:03:07:33 -0800] "GET / HTTP/1.1" 200 322 "-" "Sogou web spider/4.0(+http://www.sogou.com/docs/help/webmasters.htm#07)" "alphapd6.com"
185.119.81.97 - - [31/Jan/2023:03:08:43 -0800] "GET /plastic/wp-login.php HTTP/1.1" 200 3957 "http://alphapd6.com/plastic/wp-login.php" "Mozilla/5.0 (Windows NT 6.1; WOW64) AppleWebKit/537.36 (KHTML, like Gecko) Chrome/54.0.2840.71 Safari/537.36" "alphapd6.com"
185.119.81.97 - - [31/Jan/2023:03:08:47 -0800] "POST /plastic/wp-login.php HTTP/1.1" 200 4927 "https://alphapd6.com/plastic/wp-login.php" "Mozilla/5.0 (Windows NT 6.1; WOW64) AppleWebKit/537.36 (KHTML, like Gecko) Chrome/54.0.2840.71 Safari/537.36" "alphapd6.com"
185.119.81.97 - - [31/Jan/2023:03:19:42 -0800] "GET /plastic/wp-login.php HTTP/1.1" 200 3954 "http://alphapd6.com/plastic/wp-login.php" "Mozilla/5.0 (Windows NT 6.3; Win64; x64) AppleWebKit/537.36 (KHTML, like Gecko) Chrome/80.0.3987.122 Safari/537.36" "alphapd6.com"
185.119.81.97 - - [31/Jan/2023:03:19:45 -0800] "POST /plastic/wp-login.php HTTP/1.1" 200 4922 "https://alphapd6.com/plastic/wp-login.php" "Mozilla/5.0 (Windows NT 6.3; Win64; x64) AppleWebKit/537.36 (KHTML, like Gecko) Chrome/80.0.3987.122 Safari/537.36" "alphapd6.com"
216.244.66.247 - - [31/Jan/2023:03:57:24 -0800] "GET /robots.txt HTTP/1.1" 404 73 "-" "Mozilla/5.0 (compatible; DotBot/1.2; +https://opensiteexplorer.org/dotbot; help@moz.com)" "www.alphapd6.com"
61.135.159.140 - - [31/Jan/2023:04:15:45 -0800] "GET / HTTP/1.1" 200 322 "-" "Sogou web spider/4.0(+http://www.sogou.com/docs/help/webmasters.htm#07)" "www.alphapd6.com"
123.183.224.14 - - [31/Jan/2023:04:15:58 -0800] "GET / HTTP/1.1" 200 322 "-" "Sogou web spider/4.0(+http://www.sogou.com/docs/help/webmasters.htm#07)" "alphapd6.com"
216.244.66.247 - - [31/Jan/2023:04:47:09 -0800] "GET /robots.txt HTTP/1.1" 404 73 "-" "Mozilla/5.0 (compatible; DotBot/1.2; +https://opensiteexplorer.org/dotbot; help@moz.com)" "www.alphapd6.com"
205.169.39.243 - - [31/Jan/2023:05:01:17 -0800] "GET / HTTP/1.1" 200 322 "-" "Mozilla/5.0 (Windows NT 6.1; Win64; x64) AppleWebKit/537.36 (KHTML, like Gecko) Chrome/83.0.4103.61 Safari/537.36" "alphapd6.com"
205.169.39.243 - - [31/Jan/2023:05:01:39 -0800] "GET / HTTP/1.1" 200 322 "-" "Mozilla/5.0 (Windows NT 10.0; Win64; x64) AppleWebKit/537.36 (KHTML, like Gecko) Chrome/79.0.3945.79 Safari/537.36" "alphapd6.com"
185.119.81.97 - - [31/Jan/2023:05:15:11 -0800] "GET /plastic/wp-login.php HTTP/1.1" 200 3952 "http://alphapd6.com/plastic/wp-login.php" "Mozilla/5.0 (Windows NT 10.0) AppleWebKit/537.36 (KHTML, like Gecko) Chrome/80.0.3987.149 Safari/537.36" "alphapd6.com"
10.247.24.49 - - [31/Jan/2023:05:15:14 -0800] "POST /plastic/wp-cron.php?doing_wp_cron=1675170914.1236169338226318359375 HTTP/1.1" 200 - "https://alphapd6.com/plastic/wp-cron.php?doing_wp_cron=1675170914.1236169338226318359375" "WordPress/5.0.18; http://alphapd6.com/plastic" "alphapd6.com"
185.119.81.97 - - [31/Jan/2023:05:15:15 -0800] "POST /plastic/wp-login.php HTTP/1.1" 200 4926 "https://alphapd6.com/plastic/wp-login.php" "Mozilla/5.0 (Windows NT 10.0) AppleWebKit/537.36 (KHTML, like Gecko) Chrome/80.0.3987.149 Safari/537.36" "alphapd6.com"
185.119.81.108 - - [31/Jan/2023:05:27:49 -0800] "GET /plastic/wp-login.php HTTP/1.1" 200 3954 "http://alphapd6.com/plastic/wp-login.php" "Mozilla/5.0 (Windows NT 6.1; Win64; x64) AppleWebKit/537.36 (KHTML, like Gecko) Chrome/75.0.3770.142 Safari/537.36" "alphapd6.com"
185.119.81.108 - - [31/Jan/2023:05:27:52 -0800] "POST /plastic/wp-login.php HTTP/1.1" 200 4923 "https://alphapd6.com/plastic/wp-login.php" "Mozilla/5.0 (Windows NT 6.1; Win64; x64) AppleWebKit/537.36 (KHTML, like Gecko) Chrome/75.0.3770.142 Safari/537.36" "alphapd6.com"
216.244.66.247 - - [31/Jan/2023:05:35:37 -0800] "GET /robots.txt HTTP/1.1" 404 73 "-" "Mozilla/5.0 (compatible; DotBot/1.2; +https://opensiteexplorer.org/dotbot; help@moz.com)" "www.alphapd6.com"
216.244.66.247 - - [31/Jan/2023:06:23:22 -0800] "GET /robots.txt HTTP/1.1" 404 73 "-" "Mozilla/5.0 (compatible; DotBot/1.2; +https://opensiteexplorer.org/dotbot; help@moz.com)" "alphapd6.com"
216.244.66.247 - - [31/Jan/2023:06:23:22 -0800] "GET /robots.txt HTTP/1.1" 404 73 "-" "Mozilla/5.0 (compatible; DotBot/1.2; +https://opensiteexplorer.org/dotbot; help@moz.com)" "www.alphapd6.com"
216.244.66.247 - - [31/Jan/2023:07:15:24 -0800] "GET /robots.txt HTTP/1.1" 404 73 "-" "Mozilla/5.0 (compatible; DotBot/1.2; +https://opensiteexplorer.org/dotbot; help@moz.com)" "www.alphapd6.com"
95.108.213.189 - - [31/Jan/2023:07:17:08 -0800] "GET /robots.txt HTTP/1.1" 404 73 "-" "Mozilla/5.0 (compatible; YandexBot/3.0; +http://yandex.com/bots)" "alphapd6.com"
213.180.203.90 - - [31/Jan/2023:07:17:26 -0800] "GET / HTTP/1.1" 200 322 "-" "Mozilla/5.0 (compatible; YandexBot/3.0; +http://yandex.com/bots) AppleWebKit/537.36 (KHTML, like Gecko) Chrome/81.0.4044.268" "alphapd6.com"
17.241.219.247 - - [31/Jan/2023:07:23:05 -0800] "GET /robots.txt HTTP/1.1" 404 88 "-" "Mozilla/5.0 (Macintosh; Intel Mac OS X 10_15_5) AppleWebKit/605.1.15 (KHTML, like Gecko) Version/13.1.1 Safari/605.1.15 (Applebot/0.1; +http://www.apple.com/go/applebot)" "alphapd6.com"
17.241.219.247 - - [31/Jan/2023:07:23:05 -0800] "GET / HTTP/1.1" 200 322 "-" "Mozilla/5.0 (Macintosh; Intel Mac OS X 10_15_5) AppleWebKit/605.1.15 (KHTML, like Gecko) Version/13.1.1 Safari/605.1.15 (Applebot/0.1; +http://www.apple.com/go/applebot)" "alphapd6.com"
185.119.81.108 - - [31/Jan/2023:07:38:57 -0800] "GET /plastic/wp-login.php HTTP/1.1" 200 3956 "http://alphapd6.com/plastic/wp-login.php" "Mozilla/5.0 (Windows NT 10.0; Win64; x64) AppleWebKit/537.36 (KHTML, like Gecko) Chrome/99.0.4844.51 Safari/537.36" "alphapd6.com"
185.119.81.108 - - [31/Jan/2023:07:39:00 -0800] "POST /plastic/wp-login.php HTTP/1.1" 200 4929 "https://alphapd6.com/plastic/wp-login.php" "Mozilla/5.0 (Windows NT 10.0; Win64; x64) AppleWebKit/537.36 (KHTML, like Gecko) Chrome/99.0.4844.51 Safari/537.36" "alphapd6.com"
118.184.177.16 - - [31/Jan/2023:07:51:19 -0800] "GET / HTTP/1.1" 200 322 "-" "Sogou web spider/4.0(+http://www.sogou.com/docs/help/webmasters.htm#07)" "alphapd6.com"
216.244.66.247 - - [31/Jan/2023:08:00:58 -0800] "GET /robots.txt HTTP/1.1" 404 73 "-" "Mozilla/5.0 (compatible; DotBot/1.2; +https://opensiteexplorer.org/dotbot; help@moz.com)" "www.alphapd6.com"
10.247.24.50 - - [31/Jan/2023:08:03:07 -0800] "POST /plastic/wp-cron.php?doing_wp_cron=1675180987.5843739509582519531250 HTTP/1.1" 200 - "https://alphapd6.com/plastic/wp-cron.php?doing_wp_cron=1675180987.5843739509582519531250" "WordPress/5.0.18; http://alphapd6.com/plastic" "alphapd6.com"
185.119.81.108 - - [31/Jan/2023:08:03:05 -0800] "GET /plastic/wp-login.php HTTP/1.1" 200 3958 "http://alphapd6.com/plastic/wp-login.php" "Mozilla/5.0 (Windows NT 6.1; Win64; x64) AppleWebKit/537.36 (KHTML, like Gecko) Chrome/54.0.2840.99 Safari/537.36" "alphapd6.com"
185.119.81.108 - - [31/Jan/2023:08:03:09 -0800] "POST /plastic/wp-login.php HTTP/1.1" 200 4920 "https://alphapd6.com/plastic/wp-login.php" "Mozilla/5.0 (Windows NT 6.1; Win64; x64) AppleWebKit/537.36 (KHTML, like Gecko) Chrome/54.0.2840.99 Safari/537.36" "alphapd6.com"
190.92.137.165 - - [31/Jan/2023:09:05:36 -0800] "GET /wp-login.php HTTP/1.1" 404 88 "http://alphapd6.com/wp-login.php" "Mozilla/5.0 (Windows NT 10.0; Win64; x64; rv:96.0) Gecko/20100101 Firefox/96" "alphapd6.com"
216.244.66.247 - - [31/Jan/2023:09:38:11 -0800] "GET /robots.txt HTTP/1.1" 404 73 "-" "Mozilla/5.0 (compatible; DotBot/1.2; +https://opensiteexplorer.org/dotbot; help@moz.com)" "www.alphapd6.com"
49.7.21.76 - - [31/Jan/2023:10:37:55 -0800] "GET / HTTP/1.1" 200 322 "-" "Sogou web spider/4.0(+http://www.sogou.com/docs/help/webmasters.htm#07)" "alphapd6.com"
51.222.253.8 - - [31/Jan/2023:11:11:20 -0800] "GET /robots.txt HTTP/1.1" 404 88 "-" "Mozilla/5.0 (compatible; AhrefsBot/7.0; +http://ahrefs.com/robot/)" "www.alphapd6.com"
51.222.253.1 - - [31/Jan/2023:11:11:21 -0800] "GET /?C=N;O=D HTTP/1.1" 200 320 "-" "Mozilla/5.0 (compatible; AhrefsBot/7.0; +http://ahrefs.com/robot/)" "www.alphapd6.com"
95.108.213.82 - - [31/Jan/2023:11:17:07 -0800] "GET /robots.txt HTTP/1.1" 404 73 "-" "Mozilla/5.0 (compatible; YandexBot/3.0; +http://yandex.com/bots)" "alphapd6.com"
66.249.64.136 - - [31/Jan/2023:11:53:34 -0800] "GET /robots.txt HTTP/1.1" 404 88 "-" "Mozilla/5.0 (compatible; Googlebot/2.1; +http://www.google.com/bot.html)" "www.alphapd6.com"
61.135.159.159 - - [31/Jan/2023:12:12:34 -0800] "GET / HTTP/1.1" 200 322 "-" "Sogou web spider/4.0(+http://www.sogou.com/docs/help/webmasters.htm#07)" "www.alphapd6.com"
216.244.66.247 - - [31/Jan/2023:12:52:30 -0800] "GET /robots.txt HTTP/1.1" 404 73 "-" "Mozilla/5.0 (compatible; DotBot/1.2; +https://opensiteexplorer.org/dotbot; help@moz.com)" "www.alphapd6.com"
17.241.75.164 - - [31/Jan/2023:12:54:47 -0800] "GET /plastic/ HTTP/1.1" 200 14932 "-" "Mozilla/5.0 (Macintosh; Intel Mac OS X 10_15_5) AppleWebKit/605.1.15 (KHTML, like Gecko) Version/13.1.1 Safari/605.1.15 (Applebot/0.1; +http://www.apple.com/go/applebot)" "alphapd6.com"
10.247.24.50 - - [31/Jan/2023:12:54:49 -0800] "POST /plastic/wp-cron.php?doing_wp_cron=1675198489.4448509216308593750000 HTTP/1.1" 200 - "https://alphapd6.com/plastic/wp-cron.php?doing_wp_cron=1675198489.4448509216308593750000" "WordPress/5.0.18; https://alphapd6.com/plastic" "alphapd6.com"
94.247.172.129 - - [31/Jan/2023:13:29:56 -0800] "GET / HTTP/1.1" 200 321 "-" "Mozilla/5.0 (Macintosh; Intel Mac OS X 10_9_2)" "www.alphapd6.com"
216.244.66.247 - - [31/Jan/2023:13:39:27 -0800] "GET /robots.txt HTTP/1.1" 404 73 "-" "Mozilla/5.0 (compatible; DotBot/1.2; +https://opensiteexplorer.org/dotbot; help@moz.com)" "www.alphapd6.com"
207.46.13.73 - - [31/Jan/2023:13:50:07 -0800] "GET /base/ HTTP/1.1" 404 88 "-" "Mozilla/5.0 AppleWebKit/537.36 (KHTML, like Gecko; compatible; bingbot/2.0; +http://www.bing.com/bingbot.htm) Chrome/103.0.5060.134 Safari/537.36" "alphapd6.com"
213.152.162.149 - - [31/Jan/2023:14:00:55 -0800] "GET / HTTP/1.1" 200 321 "http://alphapd6.com" "Mozilla/5.0 (Windows NT 6.3; WOW64; rv:43.0) Gecko/20100101 Firefox/51.0" "alphapd6.com"
216.244.66.247 - - [31/Jan/2023:14:30:20 -0800] "GET /robots.txt HTTP/1.1" 404 73 "-" "Mozilla/5.0 (compatible; DotBot/1.2; +https://opensiteexplorer.org/dotbot; help@moz.com)" "www.alphapd6.com"
51.222.253.13 - - [31/Jan/2023:14:31:15 -0800] "GET / HTTP/1.1" 200 321 "-" "Mozilla/5.0 (compatible; AhrefsBot/7.0; +http://ahrefs.com/robot/)" "www.alphapd6.com"
35.217.2.217 - - [31/Jan/2023:14:52:54 -0800] "GET / HTTP/1.1" 200 321 "-" "Mozilla/5.0 (Windows NT 10.0; Win64; x64) AppleWebKit/537.36 (KHTML, like Gecko; compatible; BW/1.1; bit.ly/3eZNDnO; c37da2b673) Chrome/84.0.4147.105 Safari/537.36" "alphapd6.com"
35.217.2.217 - - [31/Jan/2023:14:52:56 -0800] "GET /robots.txt HTTP/1.1" 404 88 "-" "Mozilla/5.0 (Windows NT 10.0; Win64; x64) AppleWebKit/537.36 (KHTML, like Gecko; compatible; BW/1.1; bit.ly/3eZNDnO; c37da2b673) Chrome/84.0.4147.105 Safari/537.36" "alphapd6.com"
95.108.213.82 - - [31/Jan/2023:15:17:07 -0800] "GET /robots.txt HTTP/1.1" 404 73 "-" "Mozilla/5.0 (compatible; YandexBot/3.0; +http://yandex.com/bots)" "alphapd6.com"
216.244.66.247 - - [31/Jan/2023:15:18:48 -0800] "GET /robots.txt HTTP/1.1" 404 73 "-" "Mozilla/5.0 (compatible; DotBot/1.2; +https://opensiteexplorer.org/dotbot; help@moz.com)" "www.alphapd6.com"
157.55.39.86 - - [31/Jan/2023:15:44:22 -0800] "GET /robots.txt HTTP/1.1" 404 88 "-" "Mozilla/5.0 AppleWebKit/537.36 (KHTML, like Gecko; compatible; bingbot/2.0; +http://www.bing.com/bingbot.htm) Chrome/103.0.5060.134 Safari/537.36" "www.alphapd6.com"
207.46.13.73 - - [31/Jan/2023:15:44:54 -0800] "GET /shortinvoice3.php HTTP/1.1" 404 88 "-" "Mozilla/5.0 AppleWebKit/537.36 (KHTML, like Gecko; compatible; bingbot/2.0; +http://www.bing.com/bingbot.htm) Chrome/103.0.5060.134 Safari/537.36" "www.alphapd6.com"
10.247.24.50 - - [31/Jan/2023:15:44:59 -0800] "POST /plastic/wp-cron.php?doing_wp_cron=1675208699.7109119892120361328125 HTTP/1.1" 200 - "https://alphapd6.com/plastic/wp-cron.php?doing_wp_cron=1675208699.7109119892120361328125" "WordPress/5.0.18; http://alphapd6.com/plastic" "alphapd6.com"
185.119.81.97 - - [31/Jan/2023:15:44:57 -0800] "GET /plastic/wp-login.php HTTP/1.1" 200 3954 "http://alphapd6.com/plastic/wp-login.php" "Mozilla/5.0 (Windows NT 6.1; WOW64) AppleWebKit/537.36 (KHTML, like Gecko) Chrome/49.0.2623.112 Safari/537.36" "alphapd6.com"
185.119.81.97 - - [31/Jan/2023:15:45:01 -0800] "POST /plastic/wp-login.php HTTP/1.1" 200 4923 "https://alphapd6.com/plastic/wp-login.php" "Mozilla/5.0 (Windows NT 6.1; WOW64) AppleWebKit/537.36 (KHTML, like Gecko) Chrome/49.0.2623.112 Safari/537.36" "alphapd6.com"
54.36.148.249 - - [31/Jan/2023:15:52:32 -0800] "GET /robots.txt HTTP/1.1" 404 88 "-" "Mozilla/5.0 (compatible; AhrefsBot/7.0; +http://ahrefs.com/robot/)" "alphapd6.com"
51.222.253.17 - - [31/Jan/2023:15:52:32 -0800] "GET /plastic/wp-login.php?redirect_to=https%3A%2F%2Falphapd6.com%2Fplastic%2Fwp-admin%2F&reauth=1 HTTP/1.1" 200 3951 "-" "Mozilla/5.0 (compatible; AhrefsBot/7.0; +http://ahrefs.com/robot/)" "alphapd6.com"
